 -8*i. Suppose -i*g - 256 = -12*g. What are the prime factors of g?
2
Let q(u) = 37*u**2 + 4*u - 7*u - u + 5. Let i(p) = -p**2 + 23*p - 20. Let m be i(22). List the prime factors of q(m).
5, 29
Suppose -4*r + r - 9 = 2*k, -5*r = 3*k + 15. Let o be -1*15/r + (-4 - -1). Suppose 0*p + 5*x = o*p - 103, -2*p + 68 = 2*x. What are the prime factors of p?
3, 13
Let j = 220 - 190. Suppose -37*x + 3290 = -j*x. List the prime factors of x.
2, 5, 47
Let j = -16 - -16. Suppose -2*n = 2 - 0, s - 5*n - 34 = j. Suppose 3*m = 5*i - 370, -i = -3*m - s - 45. List the prime factors of i.
2, 37
Let l(o) be the third derivative of -o**5/30 - o**4/4 - o**3 - 18*o**2. Let q be l(-2). Let n(c) = -9*c**3 - 3*c - 1. What are the prime factors of n(q)?
7, 11
Let r(t) = -t + 2. Let x(d) = 30*d + 82. Let i(l) = -6*r(l) - x(l). What are the prime factors of i(-17)?
2, 157
Suppose -4*g - 180 = 2*g. List the prime factors of 331 - 5/(g/(-36)).
5, 13
Let k(n) = 7*n**2 - 440*n - 21. What are the prime factors of k(-27)?
2, 3, 11, 257
Suppose 2*u + c = 18, -4*u - c + 3*c + 52 = 0. Suppose 0 = u*b - 15*b + 32. Suppose -b*a = -6*a - 284. List the prime factors of a.
2, 71
Let c(z) = -5*z - 29. Let l be c(-7). Suppose -l*y = 2*y - 424. Suppose 48*j + 720 = y*j. List the prime factors of j.
2, 3
Let x be (26400/21)/(-11) + (-8)/(-28). Suppose -4*v + 14 = -2*s, -3*s - 4 - 9 = 2*v. What are the prime factors of (v - 0)/((-2)/x)?
3, 19
Suppose v - 2*v = -5*h + 20, 2*h = -v + 15. Suppose -7 = v*d - 32. Suppose 740 = d*g - g. What are the prime factors of g?
5, 37
Let o(n) = 910*n + 189. What are the prime factors of o(47)?
7, 17, 19
Let c(k) = k**2 + 4*k - 7. Let r be c(-6). Suppose -5*f + 5*g = 33740, 5*f + r*g = -0*f - 33700. What are the prime factors of f/(-66) - (-2)/(-11)?
2, 3, 17
Suppose 0 = -5*g - u + 11, 0*g + 5*u + 35 = 5*g. Let m be (0/g)/(1 + -2). Suppose m*n - 3 = -n, -4*w = -n - 533. List the prime factors of w.
2, 67
Let q(x) = -45*x + 51. Let p be q(1). Suppose 0 = -5*n + 4*b + 3614, -2*n - 8*b + p*b + 1442 = 0. List the prime factors of n.
2, 19
Let r = 93 - 41. Let z(t) = 3 - r*t + 22*t + 4 - 35*t. List the prime factors of z(-3).
2, 101
Let x(i) = -88*i - 90. Let y(q) = -43*q - 44. Let b(k) = -2*x(k) + 5*y(k). List the prime factors of b(-10).
2, 5, 7
Let q(t) = 360*t**2 + t + 2. Suppose 3*h - 3 = 2*o - 5*o, -o = 5*h - 9. List the prime factors of q(o).
19
Let b = 114 - 112. Suppose 4*l - 72 = -h + 273, -b*l = -3*h + 1049. List the prime factors of h.
349
What are the prime factors of 7*3/105 + 1626828/60?
2, 3, 4519
Let r(b) = 11*b**3 - b**2 - 2*b + 2. Let y = 25 - 30. Let a(j) = -j**3 - 4*j**2 + 3*j - 8. Let o be a(y). List the prime factors of r(o).
2, 41
Let z be (-5)/(-2) - (-1)/2. Let l = -4317 + 4322. Suppose 0 = -u + 4*h + 94, l*u - 527 = -2*h + z*h. What are the prime factors of u?
2, 53
Let o(b) = b**2 + b. Let n be o(-1). Suppose n*y + 80 = 4*y - 4*q, -2*y + 28 = 4*q. Suppose -2*l - 4*l = -y. What are the prime factors of l?
3
Let a(j) = -99*j - 5044. Let m be a(-51). Let p = -5 - 19. What are the prime factors of (-3)/(-2)*((-11920)/p)/m?
149
What are the prime factors of 1*(14 + -8 + 22286)?
2, 5573
Let s(p) = -p + 2. Let n be s(4). Let c(a) = 7*a - 2. Let v(j) = -12*j + 5. Let m(x) = -11*c(x) - 6*v(x). List the prime factors of m(n).
2
Suppose 3*h - 5*z + 130 = 4*h, 4*z = 16. Suppose 6*i - 1630 = h. What are the prime factors of i?
2, 5, 29
Let z(p) = -22*p - 1. Let n(d) = 11*d - 2*d + 3 + 13*d + 21*d. Let l(i) = -3*n(i) - 5*z(i). What are the prime factors of l(-2)?
2, 17
Suppose -25*v - 22392 = -28*v + 2*f, 0 = -5*v - 2*f + 37336. What are the prime factors of v?
2, 3733
Let k(s) = 11*s**2 - 16*s. Suppose 64 = 14*a + 8. What are the prime factors of k(a)?
2, 7
Let f be -13 + (6 - 8) - -5. Let v = -8 + 13. What are the prime factors of f + v + 26 - -3?
2, 3
Let o(x) = 9*x - 26*x + 14 + 10 + 7*x. Let b be o(-18). Let p = b + -104. List the prime factors of p.
2, 5
Suppose o + 3*m - 1 = 0, 4*m - 7 = -5*o - 2. Let r = 10 - o. Suppose 2*k = 15 + r. List the prime factors of k.
2, 3
Let a(u) = u**3 + 5*u**2 - 23*u + 8. Let p = -215 - -220. What are the prime factors of a(p)?
11, 13
Let j(d) = 4*d**2 - 9*d - 361. List the prime factors of j(28).
3, 29
Let i(d) = d**3 + 49*d**2 - 55*d - 13. List the prime factors of i(-22).
3, 5, 317
Suppose 1261*l = 1382*l - 10107977. What are the prime factors of l?
83537
Suppose c - 4*c + 8*g = -143648, 4*c - g - 191463 = 0. What are the prime factors of c?
2, 31, 193
Suppose -5*j + 56102 = 4*y, 4*y + 33642 = 17*j - 14*j. What are the prime factors of j?
2, 71, 79
Suppose 13*u + 2*p + 3 = 12*u, 0 = 3*u - p - 12. Suppose -u*t - 284 + 1590 = -g, t + 3*g = 432. What are the prime factors of t?
3, 5, 29
Let v(o) = 7*o + 72. Suppose 181*l = 180*l - 6. What are the prime factors of v(l)?
2, 3, 5
Let r(n) = -2*n**2 + n - 1. Let c(i) = -113*i**2 + 5*i - 19. Let h(v) = -c(v) + 6*r(v). List the prime factors of h(4).
23, 71
Suppose -z - 91 = -4*a + 7*a, -2*a = -z - 66. List the prime factors of (154/(4/(-2)))/(-77 - z).
7, 11
Let n(v) = 816*v**3 + v**2 - 2*v. Let p = -233 - -234. List the prime factors of n(p).
5, 163
Let h(v) = 558*v - 389. List the prime factors of h(7).
3517
Suppose 2984410 = -118*f + 261*f. List the prime factors of f.
2, 5, 2087
Let z(g) = -9*g - 46. Let i be z(-8). Suppose -x + i = 10. List the prime factors of x.
2
Suppose 4472 = 4*f + 22*f. Suppose -166*g - 3396 = -f*g. What are the prime factors of g?
2, 283
Let k = 3980 - 2874. List the prime factors of k.
2, 7, 79
Suppose 120*y = -60*y + 6151320. List the prime factors of y.
2, 7, 2441
Suppose 5*j = 5*g - 104685, 56*g - 2*j = 52*g + 83738. List the prime factors of g.
2, 5233
Let r = -21179 + 38422. What are the prime factors of r?
43, 401
Let g be -2 + 1416/(-3) + 4. List the prime factors of (g/(-3))/(46/69).
5, 47
Let m = -186225 + 264140. What are the prime factors of m?
5, 15583
Let g = -4990 + 11392. List the prime factors of g.
2, 3, 11, 97
Let w be 15/10*(-136)/(-12). Suppose w*r = 20*r - 4482. Suppose 6*s - r = -3*s. What are the prime factors of s?
2, 83
Suppose -9*m - 1008 + 3456 = 0. Let f = 493 - m. What are the prime factors of f?
13, 17
Let f(y) = y**2 + 3*y + 13. Let h be f(-14). Suppose 4*o + 3*r - 1166 + h = 0, 2*r = 2. What are the prime factors of o?
3, 83
Suppose -16503 - 19767 = -10*v. Suppose -441 + v = 9*r. List the prime factors of r.
2, 3, 59
Let z = 814 - 202. Let s = z - 8. What are the prime factors of s?
2, 151
Suppose -j - j = -756. Suppose b - j = 3. What are the prime factors of b?
3, 127
Let d(t) = t + 40. Let r be d(-13). List the prime factors of -15 - -18 - -13*r.
2, 3, 59
Let g be (82/3)/((12/90)/1). Let b = g + -197. What are the prime factors of b?
2
Let g(a) = -a**2 + 12*a - 18. Let i be g(10). Let o(x) = -5*x**2 + 8 + x**3 - 2*x - 13 + 2*x**i. What are the prime factors of o(4)?
3
Let m = -7072 - -10959. What are the prime factors of m?
13, 23
Let q(n) = -n**2 - 187*n - 147. What are the prime factors of q(-80)?
47, 179
Let t = -175 + 179. Let q(b) = 34*b + 12. What are the prime factors of q(t)?
2, 37
Suppose -3*f - z + 46339 = 0, 0 = 5*f + 30*z - 35*z - 77225. List the prime factors of f.
2, 7723
Let x(h) be the second derivative of -h**3/6 + 6*h**2 - 4*h. Let k be x(7). Suppose 0 = 4*b, -2*i - k*b + b = -184. What are the prime factors of i?
2, 23
Let j(r) = -8*r**3 + 4*r**2 - r - 4. Suppose 0 = -g, z + 0*z + 3 = -4*g. What are the prime factors of j(z)?
251
Let d(a) be the first derivative of 519*a**4/2 - 2*a**3/3 + 21*a**2/2 - 20*a + 129. What are the prime factors of d(1)?
17, 61
Suppose 2*r = -5 + 35. Let h be -1 + 7/5 - 6/r. Suppose -3*z + 2*l + 281 = h, 4*z = -l + 5*l + 380. What are the prime factors of z?
7, 13
Let g be (1659 - 5) + (-1)/((-4)/16). Suppose 4*d - 1142 = -5*p + 3*p, -3*p + 5*d = -g. What are the prime factors of p?
3, 11, 17
What are the prime factors of ((400/60)/(-20))/((-1)/22104)?
2, 3, 307
Suppose 25657*i - 25651*i - 74880 = 0. What are the prime factors of i?
2, 3, 5, 13
Suppose -2*z + 0 = -4. List the prime factors of 160/(-200)*(625/z)/(-1).
2, 5
Suppose 5*p - 214268 + 4184 = 4*a, 2*p - 3*a - 84035 = 0. What are the prime factors of p?
2, 13, 101
Suppose -4*s + 32400 = o, 0 =